{"id":1877,"date":"2025-06-03T16:57:07","date_gmt":"2025-06-03T16:57:07","guid":{"rendered":"https:\/\/funerariasunidas.pt\/agencia-funeraria\/agencia-funeraria-em-armacao-de-pera\/"},"modified":"2026-04-07T11:50:58","modified_gmt":"2026-04-07T11:50:58","slug":"funeral-director-in-armacao-de-pera","status":"publish","type":"agencia-funeraria","link":"https:\/\/funerariasunidas.pt\/en\/funeral-home\/funeral-director-in-armacao-de-pera\/","title":{"rendered":"Arma\u00e7\u00e3o de P\u00eara"},"content":{"rendered":"","protected":false},"excerpt":{"rendered":"","protected":false},"featured_media":969,"template":"","format":"standard","meta":{"_acf_changed":true},"class_list":["post-1877","agencia-funeraria","type-agencia-funeraria","status-publish","format-standard","has-post-thumbnail","hentry"],"acf":[],"_links":{"self":[{"href":"https:\/\/funerariasunidas.pt\/en\/wp-json\/wp\/v2\/agencia-funeraria\/1877","targetHints":{"allow":["GET"]}}],"collection":[{"href":"https:\/\/funerariasunidas.pt\/en\/wp-json\/wp\/v2\/agencia-funeraria"}],"about":[{"href":"https:\/\/funerariasunidas.pt\/en\/wp-json\/wp\/v2\/types\/agencia-funeraria"}],"wp:featuredmedia":[{"embeddable":true,"href":"https:\/\/funerariasunidas.pt\/en\/wp-json\/wp\/v2\/media\/969"}],"wp:attachment":[{"href":"https:\/\/funerariasunidas.pt\/en\/wp-json\/wp\/v2\/media?parent=1877"}],"curies":[{"name":"wp","href":"https:\/\/api.w.org\/{rel}","templated":true}]}}

Armação de Pêra
